2778153 composite?
False
Is 4248412073 a prime number?
True
Is 74157953487 a prime number?
False
Is 24338653 a prime number?
False
Is 3033200381 prime?
True
Is 168762989 composite?
False
Is 11562481177 a composite number?
True
Is 3987366403 composite?
False
Is 11575317121 composite?
True
Is 939235757 a composite number?
True
Is 181229697617 composite?
False
Is 13444698469 composite?
True
Is 57020143 prime?
True
Is 5564062633 prime?
False
Is 1032072883 a prime number?
False
Is 3671087521 composite?
False
Is 125412326399 a composite number?
False
Is 80939657 a prime number?
True
Is 21266849117 a prime number?
False
Is 93273297497 a composite number?
True
Is 29269441991 a prime number?
False
Is 5319345391 a composite number?
True
Is 4633953997 composite?
True
Is 2546319869 a prime number?
True
Is 67734804931 composite?
False
Is 16071643667 composite?
False
Is 75960337 prime?
False
Is 20491520033 a composite number?
False
Is 18605686577 composite?
False
Is 37546446229 a prime number?
False
Is 8275874489 a prime number?
True
Is 1399488089 a prime number?
False
Is 48797001413 prime?
False
Is 7022778839 prime?
True
Is 3358937039 a prime number?
False
Is 42622999331 prime?
False
Is 15164153999 prime?
False
Is 10690893739 a composite number?
False
Is 2281442633 a prime number?
False
Is 659637347 a composite number?
True
Is 585994721 prime?
False
Is 1501671317 composite?
False
Is 645418747 a prime number?
True
Is 26179318297 a composite number?
True
Is 232545710153 composite?
True
Is 18328909201 composite?
True
Is 45266619947 prime?
False
Is 88159016423 prime?
False
Is 1524729293 composite?
True
Is 31310129 a composite number?
True
Is 2994287833 a composite number?
False
Is 139225202 a composite number?
True
Is 6133443773 composite?
False
Is 28171697 a prime number?
True
Is 260356133 prime?
True
Is 96460459066 a composite number?
True
Is 16813261559 prime?
False
Is 2242601609 composite?
False
Is 654289547 a composite number?
False
Is 60410153 a prime number?
True
Is 7119253 a composite number?
False
Is 376213463 prime?
True
Is 289320659 a composite number?
True
Is 44309849 a composite number?
False
Is 1588787203 a composite number?
True
Is 5724824893 a composite number?
False
Is 417282113 a prime number?
False
Is 203109800911 composite?
False
Is 18600648338 a composite number?
True
Is 20448404731 composite?
False
Is 98104701419 composite?
True
Is 141260417 prime?
True
Is 9260664469 composite?
True
Is 56688463357 a prime number?
True
Is 4581072743 prime?
False
Is 4603139851 a composite number?
True
Is 1166747878 a prime number?
False
Is 116792926823 a composite number?
True
Is 16576595527 a composite number?
True
Is 43799811391 a prime number?
False
Is 25106719217 a composite number?
True
Is 11898448943 prime?
False
Is 261331483967 a prime number?
True
Is 54814158071 prime?
False
Is 38902387811 a composite number?
True
Is 22436760237 a prime number?
False
Is 67640347 composite?
False
Is 67040440799 composite?
True
Is 15439528649 composite?
True
Is 86760013 prime?
True
Is 13708027159 composite?
False
Is 314180773771 composite?
False
Is 50054208297 composite?
True
Is 2859899131 a prime number?
True
Is 3170174671 prime?
False
Is 25075244449 a composite number?
True
Is 431877491 prime?
True
Is 4856000801 prime?
True
Is 11532947 composite?
True
Is 141223679 prime?
True
Is 333925841 a composite number?
False
Is 1320910157 composite?
True
Is 1228809539 a prime number?
True
Is 251896570007 a prime number?
False
Is 24965723 a composite number?
True
Is 11563652657 a prime number?
True
Is 313716251 a prime number?
False
Is 1676409697 prime?
True
Is 105524189 a prime number?
False
Is 37641035 a prime number?
False
Is 38721709199 a composite number?
False
Is 10628147437 prime?
False
Is 395074417 a prime number?
True
Is 57353963 composite?
False
Is 650343283 a prime number?
False
Is 7242974047 a prime number?
False
Is 284041169 a composite number?
True
Is 27654345871 prime?
True
Is 1589841629 composite?
True
Is 25528425927 prime?
False
Is 4350579469 a prime number?
False
Is 57364074811 prime?
True
Is 373622201 a composite number?
False
Is 7053067535 a composite number?
True
Is 7995217753 a composite number?
False
Is 25405943839 composite?
False
Is 15928280057 composite?
False
Is 3060375519 prime?
False
Is 5649919799 composite?
False
Is 25971199949 a composite number?
False
Is 12818431487 a composite number?
False
Is 2060351717 a composite number?
False
Is 22845766483 a composite number?
True
Is 123869071 a prime number?
True
Is 309441043 composite?
True
Is 41113336885 prime?
False
Is 205011061 a composite number?
False
Is 11642867783 a composite number?
True
Is 20875238147 a prime number?
True
Is 558304345 a composite number?
True
Is 5713629527 a prime number?
True
Is 523536523 a composite number?
False
Is 835224101 a composite number?
False
Is 460315861 composite?
False
Is 64235060327 prime?
True
Is 65414345069 composite?
True
Is 11961055207 prime?
False
Is 5039923297 a composite number?
True
Is 817276981 a prime number?
True
Is 15777696811 a prime number?
True
Is 4191564029 prime?
False
Is 3402222811 a composite number?
True
Is 782851963 composite?
True
Is 5393720999 prime?
True
Is 1967598817 prime?
False
Is 159465833 a composite number?
True
Is 38936168767 a prime number?
False
Is 16043721389 prime?
False
Is 115987048813 a composite number?
False
Is 5010985171 a composite number?
True
Is 470609747 a prime number?
True
Is 1125489571 a composite number?
False
Is 364227613 composite?
False
Is 5874974659 prime?
True
Is 1324791389 a composite number?
True
Is 39369046877 a prime number?
True
Is 64082814799 composite?
False
Is 347931811087 a composite number?
True
Is 4788609337 a prime number?
False
Is 6934562539 a prime number?
False
Is 14489527391 composite?
True
Is 234073992437 a prime number?
True
Is 5955048067 prime?
True
Is 7747544533 composite?
True
Is 152663713 composite?
True
Is 1827497541 a prime number?
False
Is 7116641 a prime number?
False
Is 39773843 a prime number?
True
Is 3859622027 composite?
True
Is 104838250747 a composite number?
False
Is 3930745435 a composite number?
True
Is 59499217277 composite?
False
Is 11980495157 prime?
True
Is 239781781 composite?
True
Is 24045550495 composite?
True
Is 191442437 composite?
True
Is 4978166639 prime?
False
Is 2391144991 prime?
True
Is 57570002821 prime?
True
Is 21123439613 a prime number?
False
Is 32185770301 prime?
True
Is 1189673599 composite?
False
Is 3682899097 a composite number?
False
Is 46585921 a prime number?
True
Is 11747029421 a composite number?
False
Is 56579927231 a composite number?
False
Is 10079081543 a composite number?
True
Is 392577569 composite?
False
Is 14944965187 composite?
True
Is 7607060749 composite?
False
Is 17091759151 prime?
False
Is 1120052251 a prime number?
False
Is 6689952257 composite?
False
Is 42566194126 composite?
True
Is 1492468141 prime?
True
Is 2941452739 prime?
True
Is 21291266039 a composite number?
False
Is 662441687 a composite number?
True
Is 40145906557 prime?
False
Is 2854393943 a composite number?
False
Is 54361965253 prime?
False
Is 10952434877 a prime number?
True
Is 9458943967 a prime number?
False
Is 20295854 a composite number?
True
Is 19726936319 a composite number?
False
Is 6827930113 a composite number?
False
Is 9345125383 a composite number?
True
Is 724553054 prime?
False
Is 2276953153 a prime number?
True
Is 1895073449 a composite number?
False
Is 18190676507 composite?
True
Is 15730973507 a composite number?
False
Is 2248869767 composite?
False
Is 15598606613 a composite number?
False
Is 8028510517 composite?
False
Is 2756472223 prime?
True
Is 1139136499 prime?
False
Is 27751341155 a prime number?
False
Is 1303769089 composite?
True
Is 8627594897 prime?
True
Is 91611191 prime?
False
Is 111390803 a prime number?
True
Is 1299935317 prime?
True
Is 1645932427 a composite number?
False
Is 1461817351 a composite number?
True
Is 19484205409 a composite number?
True
Is 2090959457 prime?
True
Is 691197071 composite?
True
Is 4937066773 composite?
False
Is 19266022619 prime?
True
Is 13539327539 a composite number?
True
Is 2489149139 prime?
True
Is 473548421 composite?
True
Is 28804085081 a prime number?
True
Is 2471528723 prime?
False
Is 1478341597 a composite